 + 5 + 3, -u - 2*b - 14 = 0. Let h = u - -17. What are the prime factors of h?
13
Let f(j) = -5*j**3 + 2*j**2 + j. Let m be f(-1). What are the prime factors of ((-20)/m)/((-12)/18)?
5
Suppose 47 = 4*u - r - 93, 2*u = 3*r + 80. List the prime factors of u.
2, 17
Let g = -22 + 55. What are the prime factors of g?
3, 11
Let o(n) = -5*n + 1 + 4*n + 2*n**2 + 2*n - 2*n**3 + 2*n. What are the prime factors of o(-2)?
19
Suppose -5*u + 63 = -27. Let q(o) = -o**3 + 4*o**2 + 3*o + 10. Let z be q(5). Suppose 2*i + z*i = u. What are the prime factors of i?
3
Let p(c) = 10*c + 2. Let o be p(-2). What are the prime factors of ((-9)/o)/(2/92)?
23
Let l(v) = -v**3 + 3*v**2 - v - 2. Let u be l(2). Let h(g) = u + g + 0 + 1. List the prime factors of h(8).
3
Let f(z) = 16*z**2 - 5*z + 3. What are the prime factors of f(-4)?
3, 31
Suppose 275 = 2*y + 65. List the prime factors of y.
3, 5, 7
Let r = 6 + -4. Suppose 3*w = -5*l + 70, -r*l - 2*w + 20 + 12 = 0. What are the prime factors of l?
11
Suppose 2*u - 645 = -d, 2*u = 5*d - 3*d + 636. What are the prime factors of u?
3, 107
Suppose -v - 7 - 17 = 0. Let p = 3 - v. List the prime factors of p.
3
Suppose 2*p - 129 = 73. List the prime factors of p.
101
Let i = -2 - -12. What are the prime factors of i?
2, 5
Let g be (3/(-9))/((-1)/3). Let c be (g - 1)/(3 - 6). Suppose c = 2*z - 8 - 16. What are the prime factors of z?
2, 3
Let c be ((-9)/(-6))/(2/4). Suppose 0 = -3*l - c + 24. What are the prime factors of l?
7
Suppose 3*p - 4*p = 2*y - 7, -3*y + 13 = -p. Suppose -24 = -y*q - 2*s - 2*s, 4*s + 53 = 3*q. What are the prime factors of q?
11
Suppose -2*p - 80 = -4*j, -2*j + 74 = j + 2*p. Let x = j + -13. What are the prime factors of x?
3
Let y = 11 + 18. What are the prime factors of y?
29
Let c(y) = y**2 + 2*y - 13. What are the prime factors of c(-8)?
5, 7
Let a = -2 + 5. Let k be 1/a - 10/3. What are the prime factors of (2/6)/(k/(-63))?
7
Let z be 93/9 - 1/3. Suppose 3*l - 17 = z. What are the prime factors of 2/l + (-48)/(-27)?
2
Let t(w) = 6*w**2 - w - 4 - 2*w**3 - 2*w + 2*w + w**3. List the prime factors of t(4).
2, 3
Suppose -3*r - 15 = -0*r. Let f be ((-4)/5)/(2/r). Suppose -f*h = -2 - 4. What are the prime factors of h?
3
Let q(l) = l**3 - 4*l**2 + l - 2. Let s be q(4). Suppose -7*f - 75 = -s*f. Let v = f - -26. List the prime factors of v.
11
Let d be (-24)/(-18) + (-2)/(-3). List the prime factors of (d + -4)*(-51)/2.
3, 17
Suppose 2*i + 2*j - 57 = 7, 0 = -4*i + 3*j + 142. What are the prime factors of i?
2, 17
Let f(z) = 2*z + 4. Let r(h) = h**3 - h**2 - 2*h - 1. Let o be r(-1). Let k be (3 - 9)/2*o. What are the prime factors of f(k)?
2, 5
Let w = 0 - -68. Suppose -62 = -3*t - 3*g + 1, 4*t - 4*g = w. What are the prime factors of t?
19
Let z(i) = 2*i**2 - i - 2. Let x be z(3). Suppose 7*q = 2*q + 2*k + 29, -4*k = -q + x. What are the prime factors of q?
5
Let w = 4 - -1. Suppose 3*x - 72 = w*k, -46 = -2*x + 2*k + 2. List the prime factors of x.
2, 3
Suppose -110*q + 106*q + 376 = 0. List the prime factors of q.
2, 47
Let m = -7 + 12. Suppose -w + 40 = -m*f - 0*f, 52 = 2*w + 4*f. Suppose -c = c - w. List the prime factors of c.
3, 5
Let d(j) = 22*j - 5. What are the prime factors of d(2)?
3, 13
Let k be 0 + 0/(-1) - 1. Let f(m) = m**3 + m. Let w be f(k). List the prime factors of 16 + w + 4 + -3.
3, 5
Let s(n) = -2*n - 3. Suppose 5*m + 17 = -2*u, 0*m - 3*u + 3 = -2*m. What are the prime factors of s(m)?
3
Let i(g) be the second derivative of -g**3 + g**2/2 - 5*g. What are the prime factors of i(-1)?
7
Suppose 2*h + 3 = 1. List the prime factors of h/4 - 366/(-24).
3, 5
What are the prime factors of (-116)/3*((-45)/(-10) + -6)?
2, 29
Let v(o) be the second derivative of o**4/12 - 5*o**3/6 - 2*o**2 + 4*o. What are the prime factors of v(7)?
2, 5
Let l = 91 + -65. List the prime factors of l.
2, 13
Let a(i) = i**2 - 2*i + 1. Let u be a(3). Let g be 8/3*30/u. Let v = g + -9. What are the prime factors of v?
11
Suppose 5*t = 16 + 34. Suppose 0 = -6*o + o + t. Let l(a) = 6*a - 1. List the prime factors of l(o).
11
Let i(f) be the third derivative of f**8/1680 - f**5/20 - 2*f**2. Let c(x) be the third derivative of i(x). What are the prime factors of c(-1)?
2, 3
Let x be -5 - -2 - (1 + 760). What are the prime factors of (-2)/9 + x/(-36)?
3, 7
Let a(y) = y**2 + 2*y + 2. Let w(z) = -1. Let o(g) = a(g) + 4*w(g). Suppose 21 = -2*v + 5*f, 5*v - f = 2*f - 5. List the prime factors of o(v).
2, 3
Let l be (-36)/(-20)*10/3. Let k = l + 21. Let n = k + -13. What are the prime factors of n?
2, 7
Let y(g) = g. Let w be y(3). Suppose 0 = -5*n + q + 2*q + 77, -w*q = 2*n - 35. List the prime factors of n.
2
Suppose -4*s = -0*s - 32. Let g = s - 5. List the prime factors of g.
3
Suppose -2*f - 5*j - 25 = 0, 3*j - 7*j = 2*f + 20. Let w = f - 0. Suppose w = -t - 4*t + 10. List the prime factors of t.
2
Suppose -3*s = -u + 17, s = 5*u - 0*u - 29. Suppose f + f - 15 = -u*o, -o + 21 = 4*f. Suppose -d + 21 = f. What are the prime factors of d?
2
Let d = 0 + 0. Let m be d + ((-2)/1 - -7). Suppose 4*b - 31 = -2*x + 3*b, 77 = m*x + 2*b. List the prime factors of x.
3, 5
Let j(w) = -w**2 + 13*w + 9. Let n be j(13). Suppose 7*m - n*m = -34. List the prime factors of m.
17
Suppose 3*s - 2*s = 30. Let a = s + -8. List the prime factors of a.
2, 11
Suppose -2*w = -0*w + 4. Let z = 0 + w. What are the prime factors of (2*-1)/z*6?
2, 3
Let z(p) = p + 11. Let h be z(-6). Suppose h*x = 6*x - 11. What are the prime factors of x?
11
Suppose 7*p - 413 = 1652. List the prime factors of p.
5, 59
Suppose -3*j + 5*r = -5, 3*j + 1 = -3*r + 2*r. Suppose -6*p + 4*p + 60 = j. List the prime factors of p.
2, 3, 5
Suppose 4*t = 6*t - 96. List the prime factors of t.
2, 3
Let m(x) = 12*x - 8. What are the prime factors of m(8)?
2, 11
List the prime factors of ((-4)/(-10))/((-1)/(-5)).
2
Let m = 7 - 5. Suppose 5 = m*q - 3. Suppose q*s = 51 + 9. List the prime factors of s.
3, 5
Let h = -3 + 6. Suppose 0 = h*c + 3. List the prime factors of (-4 - (0 + 3))/c.
7
Suppose -8*y + 360 = -3*y. List the prime factors of y.
2, 3
Suppose 3*m - 1 - 2 = 0. Let f(d) = 6*d**2 - 2*d - 1. Let p be f(-1). Suppose p = l + m. What are the prime factors of l?
2, 3
Suppose -5*u = -25, 5*f + 0 = -3*u + 95. List the prime factors of f.
2
Let r(z) = 6*z. Let l be r(-2). What are the prime factors of (-22)/l + (-2)/(-12)?
2
Let d = 4 + -6. List the prime factors of (-7 - 0)/(2/d).
7
Let h(d) = -d**3 + 7*d**2 - d - 4. What are the prime factors of h(6)?
2, 13
Let a be 1*3*5/(-3). Let n(f) = -5*f - 11. List the prime factors of n(a).
2, 7
Suppose -3*k = -7*k + 20. Suppose k*y + 150 - 7 = 4*o, -76 = -2*o + 4*y. List the prime factors of o.
2
Suppose -5*x + 2*l = -0 - 505, 2*x - 5*l = 223. What are the prime factors of (x/(-36))/((-2)/8)?
11
Let b(l) = l**3 + 7*l**2 - 9*l - 3. Let t be b(-8). Suppose -77 = -3*m - t*y, 98 + 29 = 3*m - 5*y. What are the prime factors of m?
2, 17
Let z be 4/(-4) - (-3 + 2). Suppose 5*l - 49 = -z*h + h, 3*l - h - 31 = 0. Let u = -1 + l. List the prime factors of u.
2
Let a(x) = -x**2 - 6*x + 1. Let q be a(-6). List the prime factors of ((-4)/(-8)*62)/q.
31
What are the prime factors of (6 + (-6)/6)/(2/80)?
2, 5
Suppose 1 - 7 = -3*n. Suppose -4*m + 22 = n*d, 4*m - 90 = -5*d - 23. List the prime factors of d.
3, 5
Suppose -4*g + 9*g = 10. Suppose g*x = 5*j - 13, 5*j - 14 = -x + 2*x. List the prime factors of j.
3
Suppose -2*l - 6 = 3*n - 6*l, n + 5*l - 17 = 0. Suppose 3*k = -o + 16, n*k - 2 = 4. What are the prime factors of o?
7
Let u = 610 + -430. What are the prime factors of u?
2, 3, 5
Let l = 5 - 6. Let a = 3 + l. List the prime factors of a.
2
Let m(d) = -d**3 - 6*d**2 - 7*d - 5. Let q = -6 - -12. Let i be 2/3 - 34/q. List the prime factors of m(i).
5
Let i(x) = -x**2 + 6*x - 6. Let y be i(4). Suppose 0*t = 5*q + t - 42, 3 = y*q + 5*t. What are the prime factors of (-6)/q + (-22)/(-6)?
3
Let m(k) = k**2 + 8*k - 5. Let p be m(-9). Suppose -2*g + z = -25, p*z + 0*z - 80 = -4*g. What are the prime factors of g?
3, 5
Suppose 4*d + 2*c = 4*c + 20, -3*c = 4*d. Suppose -33 = -3*f - 3*r, -4*f + 5*r = -d*f - 23. List the prime factors of f.
13
Suppose -4*f - 8*n + 3*n + 211 = 0, -2*f = n - 113. List the prime factors of f.
59
Let c be 1 - 1 - (-5 - -4). Sup